d**2 + 3190*d + 50776. Calculate g(-16).
-8
Let v(b) = -b**3 + 42*b**2 - 384*b + 199. What is v(29)?
-4
Let x(v) = -v**2 - 4336*v - 34650. Determine x(-8).
-26
Let y(k) = -45*k**2 - 237*k + 10729. Give y(13).
43
Let b(o) = -5393*o - 64082. Give b(-12).
634
Let i(u) = -11*u**3 - 48*u**2 + 94*u + 70. Determine i(-6).
154
Let u(f) = -f**3 - 22*f**2 - 1657*f - 18527. Calculate u(-12).
-83
Let r(x) = 154*x**2 - 27696*x - 27695. What is r(-1)?
155
Let k(r) = -1542*r - 53967. Determine k(-35).
3
Let l(r) = -2*r**3 - 760*r**2 + 608*r - 58654. Give l(-381).
20
Let q(i) = -74*i + 6451. Calculate q(88).
-61
Let u(q) = 6*q**3 + 17*q**2 + 87*q + 428. Calculate u(-4).
-32
Let s(m) = m**2 + 2076*m - 517715. Determine s(225).
10
Let g(y) = -500*y**2 + 514505*y - 5142. What is g(1029)?
3
Let o(g) = -g**3 - 267*g**2 + 280*g + 3288. Determine o(-268).
72
Let t(q) = -47*q**2 - 130*q + 378. Calculate t(3).
-435
Let h(u) = -5*u**3 - 163*u**2 - 17*u - 416. Determine h(-32).
-2944
Let p(j) = -5*j**2 + 2255*j + 13702. Determine p(-6).
-8
Let f(r) = -29829*r - 208735. Determine f(-7).
68
Let b(g) = 35*g**3 + 51*g**2 - 961*g - 41. Calculate b(-6).
1
Let q(k) = 187*k - 771. Give q(5).
164
Let j(m) = -m**3 + 59*m**2 + 29570*m + 2043. Give j(204).
3
Let x(t) = -t**3 - 2367*t**2 + 9477*t + 12. Calculate x(4).
-16
Let a(t) = -18*t**3 + 685*t**2 + 15*t - 1989. Determine a(38).
25
Let d(q) = -5*q**3 + 7*q**2 + 2*q - 878. Determine d(0).
-878
Let j(z) = z**2 - 724*z + 50463. Calculate j(72).
3519
Let q(b) = -b**3 + 1112*b**2 + 6395*b + 349919. Give q(1118).
-15
Let r(y) = 12*y**3 + 1636*y**2 - 7886*y + 1410. Calculate r(-141).
0
Let j(o) = -197*o - 13033. What is j(-58)?
-1607
Let y(u) = -u**2 + 7883*u - 219843. Calculate y(28).
97
Let b(u) = 12*u**3 + 101*u**2 + 198*u + 142. What is b(-6)?
-2
Let j(d) = 4*d**2 - 401*d + 725. Calculate j(98).
-157
Let h(k) = 2305*k - 8654. Determine h(4).
566
Let u(l) = -2*l**2 - 2319*l + 68939. Calculate u(29).
6
Let y(b) = 194*b**2 + 90*b + 198. Give y(-2).
794
Let j(a) = -66*a**2 - 2421*a - 21355. Calculate j(-22).
-37
Let m(l) = l**3 - 64*l**2 - 299*l + 1963. What is m(68)?
127
Let y(r) = 21661*r + 16527351. Calculate y(-763).
8
Let u(y) = 6*y**3 - 76*y**2 - 703*y + 776. Calculate u(1).
3
Let u(c) = -1379*c**3 - 8286*c**2 + c - 1. Determine u(-6).
-439
Let m(i) = 134234*i + 7919794. What is m(-59)?
-12
Let j(f) = -f**3 + 121*f**2 + 363*f - 8. Determine j(0).
-8
Let h(w) = 2*w**3 + 80*w**2 - 48725*w - 1857321. Give h(-38).
5
Let i(u) = 5679*u + 34082. Calculate i(-6).
8
Let d(z) = 329891*z + 1649451. Determine d(-5).
-4
Let l(t) = 4*t**2 + 400*t + 3478. Determine l(-9).
202
Let u(l) = 48399*l - 725963. Determine u(15).
22
Let n(w) = 269805*w - 1618764. Calculate n(6).
66
Let d(b) = -1939*b + 45010. What is d(22)?
2352
Let u(m) = -2*m**2 + 1545*m - 4645. Determine u(3).
-28
Let w(g) = -3*g**3 + 75*g**2 + 10*g - 9. Determine w(25).
241
Let h(f) = -4*f**3 - 43*f**2 + 165*f + 620. Calculate h(-13).
-4
Let r(v) = -5355*v - 59271. Calculate r(-11).
-366
Let s(h) = h**3 + 7*h**2 + 47*h - 17. Give s(-5).
-202
Let b(v) = -v**3 + 53*v**2 + 54*v - 31. Determine b(0).
-31
Let f(o) = -5*o**2 + 13430*o + 53799. Calculate f(-4).
-1
Let z(u) = -u**3 - 77*u**2 + 4850*u + 375006. What is z(-75)?
6
Let x(m) = 605075*m - 3630445. Calculate x(6).
5
Let c(p) = 3*p**2 + 312*p - 1999. Calculate c(-110).
-19
Let h(n) = -396*n + 35272. Calculate h(89).
28
Let d(u) = -u**3 + 197*u**2 - 950*u - 1985. What is d(192)?
-65
Let g(d) = 2196*d - 17744. Calculate g(8).
-176
Let g(u) = -u**2 - 22907*u - 274731. Give g(-12).
9
Let w(c) = -357*c**2 - 4621*c + 254. Determine w(-13).
-6
Let z(u) = u**3 - 140*u**2 - 272*u - 1996. Calculate z(142).
-292
Let o(f) = f**3 + 23*f**2 - 1185*f + 43. Calculate o(25).
418
Let h(d) = 15*d**2 - 10*d - 74. Calculate h(0).
-74
Let o(j) = -15*j**3 - 1018*j**2 + 132*j - 235. Give o(-68).
37
Let h(n) = -121*n**2 + 1469*n - 133. What is h(12)?
71
Let s(p) = -55*p**2 - 2007*p + 12017. Calculate s(6).
-2005
Let k(l) = 2215*l - 1377698. Calculate k(622).
32
Let b(i) = i**3 + 10*i**2 - 33*i - 244. What is b(-13)?
-322
Let d(f) = -4*f**3 - 51*f**2 + 23*f + 634. Determine d(-12).
-74
Let t(b) = -b**3 + 29*b**2 - 64*b + 142. Give t(27).
-128
Let q(o) = 600*o + 2787. Calculate q(-5).
-213
Let g(i) = 391*i - 6186. Calculate g(13).
-1103
Let x(q) = q**3 + 2*q**2 + 291*q - 1607. What is x(5)?
23
Let i(l) = 9*l**3 - 71*l**2 + 1118*l - 9006. Calculate i(8).
2
Let b(v) = 21*v - 397. Calculate b(20).
23
Let b(x) = -253097*x - 2530974. Calculate b(-10).
-4
Let u(q) = 2*q**3 - 44*q**2 - 651*q + 348. Calculate u(32).
-4
Let d(s) = -5*s**3 - 694*s**2 + 574*s + 60723. What is d(-139)?
258
Let z(t) = t**3 + 53*t**2 + 591*t + 5428. Give z(-42).
10
Let f(j) = j**2 + 10175*j - 61087. Calculate f(6).
-1
Let c(s) = -s**3 - 23*s**2 + 185*s + 4554. Calculate c(-15).
-21
Let v(w) = 8098*w**2 + 72928*w + 421. Give v(-9).
7
Let v(d) = -41*d**2 - 4365*d + 1802. Calculate v(-107).
-552
Let y(b) = -43*b + 54. What is y(56)?
-2354
Let m(r) = 4*r**3 + 1477*r**2 + 370*r + 384. What is m(-369)?
15
Let k(b) = -62*b**2 - 22023*b - 4599. Give k(-355).
16
Let h(c) = -2*c**3 + 337*c**2 - 979*c - 1. What is h(3)?
41
Let g(i) = 195*i + 11000. Give g(-56).
80
Let n(u) = -23*u**2 + 105*u - 245. Give n(5).
-295
Let n(g) = 7*g**2 - 116*g - 1457. What is n(-13)?
1234
Let o(c) = c**3 + 10*c**2 + 51*c + 1518. Give o(-13).
348
Let z(k) = -6*k**2 + 210509*k + 421022. Give z(-2).
-20
Let h(z) = 6*z**3 - 20*z**2 - 23*z + 302. Give h(8).
1910
Let c(q) = -9*q**3 - 443*q**2 + 5339*q - 82. Determine c(10).
8
Let m(q) = q**3 - 38*q**2 + 167*q - 3412. Give m(36).
8
Let b(d) = -43451*d - 4649273. Calculate b(-107).
-16
Let f(q) = -986*q + 206077. Calculate f(209).
3
Let y(g) = -64580*g + 2001977. Determine y(31).
-3
Let w(h) = 646*h + 415. What is w(5)?
3645
Let u(y) = -2*y**3 - 14*y**2 - 89*y - 22. Calculate u(-5).
323
Let i(m) = -116176*m**2 - 116173*m + 6. Give i(-1).
3
Let g(v) = -2*v**3 - 39*v**2 - 1183*v - 30926. Give g(-23).
-14
Let m(h) = 11*h**2 - 15869*h + 63305. Calculate m(4).
5
Let c(y) = -y**3 + 46*y**2 - 554*y - 12. Calculate c(17).
-1049
Let z(h) = -7237974*h - 21713921. Determine z(-3).
1
Let o(n) = -9*n**2 + 19945*n + 15. Give o(0).
15
Let l(n) = -116*n**2 + 1288*n + 363. Calculate l(13).
-2497
Let n(g) = -48480*g + 2084659. Calculate n(43).
19
Let c(k) = 23694*k + 165862. Calculate c(-7).
4
Let s(t) = 57*t**2 - 39138*t - 14430. Give s(687).
-3
Let y(o) = -145*o**2 + 2899*o + 13. What is y(20)?
-7
Let l(v) = -v**3 + 5*v**2 + 357*v - 1391. Give l(4).
53
Let t(s) = 870*s - 6876. Calculate t(8).
84
Let o(a) = 2580*a + 50728. Determine o(-20).
-872
Let p(m) = 1128*m - 37222. Calculate p(33).
2
Let w(r) = -26933*r - 6221523. Calculate w(-231).
0
Let b(c) = 3*c**2 - 1676*c + 220884. Calculate b(213).
3
Let y(p) = -p**2 - 410*p - 31234. What is y(-309)?
-25
Let w(n) = 23*n**2 - 603*n - 127. Determine w(19).
-3281
Let h(n) = -n**3 - 34*n**2 + 2431*n - 563. What is h(35)?
-3
Let j(d) = d**2 + 12251*d - 10122743. What is j(777)?
13
Let w(c) = c**2 - 1089*c - 37111. Determine w(-33).
-85
Let b(v) = -v**3 + 410*v**2 - 1217*v - 1716. Determine b(407).
-88
Let c(a) = 2642*a - 60777. Determine c(23).
-11
Let z(r) = r**3 - 27*r**2 + 549*r - 16151. Determine z(28).
5
Let x(c) = -2820*c + 2041671. Determine x(724).
-9
Let j(m) = -23559*m - 23567. Calculate j(-1).
-8
Let o(u) = -6*u**3 + 755*u**2 + 127*u - 196. What is o(126)?
-70
Let h(m) = -4*m**3 + 49*m**2 + 597*m - 7640. Give h(13).
-386
Let k(o) = o**3 + 46*o**2 - 32199*o + 6700. Give k(-204).
-32
Let u(l) = 189*l + 11524. What is u(-60)?
184
Let i(o) = 179022*o - 3401385. Determine i(19).
33
Let h(c) = -15468*c - 61885. What is h(-4)?
-13
Let v(x) = 3*x**3 + 28*x**2 + 129*x + 315. Give v(-5).
-5
Let z(i) = -4*i**3 - 202*i**2 + 382*i + 3720. Determine z(-52).
80
Let j(w) = 58*w**2 - 2537*w - 228. Determine j(44).
432
Let s(b) = 39748*b - 79515. Determine s(2).
-19
Let t(x) = -2*x**2 - 91*x - 4564. What is t(-37)?
-3935
Let v(f) = -28601*f**2 - 5*f + 7. What is v(0)?
7
Let v(x) = 1668*x + 86910. Determine v(-52).
174
Let d(q) = 366*q + 6802. Determine d(-18).
214
Let p(l) = -166*l - 4425. Calculate p(-27).
57
Let r(u) = u**2 - 19*u - 4029. Determine r(